e the remainder when 1882839 is divided by 7.
0
What is the remainder when 13541 is divided by 2640?
341
Calculate the remainder when 20309682 is divided by 1488.
1458
What is the remainder when 294691 is divided by 98070?
481
Calculate the remainder when 87970560 is divided by 17.
14
Calculate the remainder when 34220 is divided by 312.
212
Calculate the remainder when 6442911 is divided by 3720.
3591
What is the remainder when 49045499 is divided by 2835?
2834
Calculate the remainder when 93987249 is divided by 246.
243
What is the remainder when 17805178 is divided by 12?
10
What is the remainder when 2677076 is divided by 1338284?
508
Calculate the remainder when 439069 is divided by 73136.
253
What is the remainder when 1203395 is divided by 192?
131
What is the remainder when 293710 is divided by 16313?
76
What is the remainder when 3017357 is divided by 1256?
445
What is the remainder when 563158 is divided by 108?
46
What is the remainder when 1115536 is divided by 15?
1
What is the remainder when 288540 is divided by 7798?
14
Calculate the remainder when 142396 is divided by 14239.
6
Calculate the remainder when 7176 is divided by 3361.
454
What is the remainder when 11944527 is divided by 498?
495
Calculate the remainder when 87805 is divided by 7979.
36
What is the remainder when 548262 is divided by 84?
78
What is the remainder when 4236 is divided by 3912?
324
What is the remainder when 31097130 is divided by 3498?
3408
Calculate the remainder when 1174971 is divided by 452.
223
Calculate the remainder when 5364732 is divided by 1788216.
84
What is the remainder when 3217053 is divided by 33?
15
Calculate the remainder when 1603885 is divided by 3525.
10
Calculate the remainder when 7171 is divided by 1170.
151
What is the remainder when 120691 is divided by 5718?
613
Calculate the remainder when 279329 is divided by 79.
64
What is the remainder when 698804 is divided by 19965?
29
What is the remainder when 23097708 is divided by 1533?
1530
What is the remainder when 16203597 is divided by 97?
38
What is the remainder when 19753 is divided by 1951?
243
Calculate the remainder when 188070 is divided by 37570.
220
What is the remainder when 17379748 is divided by 1524?
52
What is the remainder when 58774881 is divided by 42?
39
Calculate the remainder when 118279426 is divided by 184.
178
Calculate the remainder when 3625035 is divided by 1049.
740
Calculate the remainder when 1447926 is divided by 131541.
975
Calculate the remainder when 1813097 is divided by 302182.
5
Calculate the remainder when 8184108 is divided by 2.
0
Calculate the remainder when 321292 is divided by 152.
116
What is the remainder when 129357 is divided by 4040?
77
What is the remainder when 1331907 is divided by 1154?
191
Calculate the remainder when 5425942 is divided by 6.
4
What is the remainder when 72021 is divided by 370?
241
What is the remainder when 646973 is divided by 40369?
1069
What is the remainder when 12303606 is divided by 2050599?
12
Calculate the remainder when 10508159 is divided by 85432.
23
Calculate the remainder when 1296270 is divided by 432085.
15
What is the remainder when 6935745 is divided by 64?
1
What is the remainder when 1820772 is divided by 8314?
6
What is the remainder when 618480 is divided by 293?
250
What is the remainder when 239058 is divided by 1138?
78
Calculate the remainder when 70948 is divided by 3226.
3202
Calculate the remainder when 9245255 is divided by 12.
11
Calculate the remainder when 5614992 is divided by 1403748.
0
What is the remainder when 1644469 is divided by 109621?
154
Calculate the remainder when 233033 is divided by 11075.
458
What is the remainder when 379459 is divided by 1960?
1179
What is the remainder when 1254941 is divided by 189?
170
Calculate the remainder when 13805421 is divided by 6902700.
21
Calculate the remainder when 18795 is divided by 631.
496
Calculate the remainder when 4449203 is divided by 36.
35
Calculate the remainder when 6974811 is divided by 3159.
2898
What is the remainder when 646812 is divided by 170?
132
Calculate the remainder when 1005971 is divided by 100596.
11
Calculate the remainder when 338779 is divided by 112533.
1180
Calculate the remainder when 2683908 is divided by 428.
348
Calculate the remainder when 125693 is divided by 5220.
413
What is the remainder when 3316613 is divided by 334?
327
Calculate the remainder when 27034946 is divided by 26.
16
Calculate the remainder when 9082037 is divided by 133.
132
What is the remainder when 4448774 is divided by 39?
5
Calculate the remainder when 2651433 is divided by 1325611.
211
Calculate the remainder when 19645372 is divided by 964.
16
Calculate the remainder when 681075 is divided by 22.
21
What is the remainder when 295157 is divided by 1089?
38
Calculate the remainder when 355211427 is divided by 3995.
3992
Calculate the remainder when 7398834 is divided by 924854.
2
Calculate the remainder when 6521375 is divided by 10638.
281
What is the remainder when 7820 is divided by 782?
0
Calculate the remainder when 11242038 is divided by 316.
22
Calculate the remainder when 155398 is divided by 101.
60
What is the remainder when 314376 is divided by 366?
348
Calculate the remainder when 4580887 is divided by 1625.
12
What is the remainder when 3014405 is divided by 6152?
6077
Calculate the remainder when 16444636 is divided by 42.
40
Calculate the remainder when 26948288 is divided by 172.
16
What is the remainder when 524189 is divided by 18052?
681
What is the remainder when 624820 is divided by 69?
25
Calculate the remainder when 700204 is divided by 63650.
54
What is the remainder when 2545756 is divided by 4953?
4867
What is the remainder when 497641 is divided by 3364?
3133
Calculate the remainder when 458908 is divided by 273.
268
What is the remainder when 246091862 is divided by 4101531?
2
Calculate the remainder when 127558138 is divided by 10.
8
What is the remainder when 1659056 is divided by 199?
192
Calculate the remainder when 43116 is divided by 357.
276
Calculate the remainder when 66327 is divided by 22035.
222
What is the remainder when 12581742 is divided by 53?
19
Calculate the remainder when 8751096 is divided by 1486.
42
Calculate the remainder when 712918 is divided by 902.
338
Calculate the remainder when 94532915 is divided by 20.
15
What is the remainder when 6023177 is divided by 602316?
17
What is the remainder when 9661812 is divided by 70013?
18
Calculate the remainder when 1888189 is divided by 744.
661
What is the remainder when 270856 is divided by 149?
123
What is the remainder when 24375 is divided by 953?
550
Calculate the remainder when 7276551 is divided by 6688.
7
Calculate the remainder when 9574974 is divided by 2981.
2
What is the remainder when 5436591 is divided by 30372?
3
Calculate the remainder when 54476 is divided by 18.
8
What is the remainder when 466558 is divided by 317?
251
Calculate the remainder when 434020 is divided by 1192.
132
Calculate the remainder when 7160840 is divided by 5884.
12
Calculate the remainder when 1492270 is divided by 497407.
49
What is the remainder when 457771 is divided by 7042?
41
Calculate the remainder when 1736306 is divided by 10397.
7
What is the remainder when 165654 is divided by 7523?
148
What is the remainder when 43475785 is divided by 14491890?
115
What is the remainder when 2862060 is divided by 14310?
60
Calculate the remainder when 1897274 is divided by 948312.
650
Calculate the remainder when 8053409 is divided by 20544.
161
Calculate the remainder when 159431890 is divided by 79715931.
28
What is the remainder when 715575 is divided by 1437?
1386
Calculate the remainder when 689137 is divided by 29962.
11
What is the remainder when 39370291 is divided by 13?
12
Calculate the remainder when 82779 is divided by 2017.
82
What is the remainder when 14595682 is divided by 241?
240
Calculate the remainder when 20132266 is divided by 5849.
8
Calculate the remainder when 39119528 is divided by 28680.
8
Calculate the remainder when 177597 is divided by 3518.
1697
Calculate the remainder when 554024 is divided by 398.
8
Calculate the remainder when 224003790 is divided by 2769.
2766
What is the remainder when 16124086